3*n + 2*y - a, -n + 2*y + 4 = -7. Determine z(n).
13
Let n(r) = -r**3 + 21*r**2 + 2*r - 47. Suppose -160 = -16*o + 176. What is n(o)?
-5
Let o(d) be the first derivative of d**5/20 - 7*d**4/12 - 3*d**3/2 + 3*d**2 - 216*d - 30. Let f(q) be the first derivative of o(q). Give f(8).
-2
Let i(q) = 0*q - 7 + 2 - 3*q. Let s be (-230)/(-55) - -2 - (-2)/(-11). What is i(s)?
-23
Let f(r) be the third derivative of -5*r**4/12 - 7*r**3/3 - 20*r**2 - 15. Calculate f(-4).
26
Let c(w) be the second derivative of w + 31 - 21/2*w**2 - 1/2*w**3. Determine c(-7).
0
Suppose -6 = 3*s - 3*v, v + 1 + 1 = 5*s. Let p(u) = u**2 + 1. Determine p(s).
2
Let a(g) be the first derivative of -3*g**2 + 66*g - 638. Determine a(12).
-6
Let z(i) = 19*i + 926. Let c be z(-49). Let s(d) = -d**3 - 3*d**2 + 9*d + 11. Determine s(c).
16
Suppose a - 1 - 2 = 0. Let w(j) be the second derivative of -j**4/24 - j**3/6 + 11*j**2 + 25*j. Let d(x) be the first derivative of w(x). Give d(a).
-4
Let r(b) = -37*b**2 + 287*b - 11. Let a(n) = 4*n**2 - 30*n + 1. Let p(d) = -19*a(d) - 2*r(d). Let w = 5 + -3. What is p(w)?
-13
Let c = 18 + -11. Let j(i) = -5*i - 19. Let r(p) = 2*p + 7. Suppose 2*n - 5*o = 16, -2*n + 3*o = -9 - 3. Let u(f) = n*j(f) + 8*r(f). Calculate u(c).
6
Suppose -12*b - 1152 = -3*b. Let h be 3*-3*(b/12 - -10). Let y(m) = -m**3 + 8*m**2 - 6*m - 7. Give y(h).
29
Let s(y) be the third derivative of y**4 + 74*y**3/3 - 51*y**2 + 8. Calculate s(-7).
-20
Let m(w) be the first derivative of -4*w**3/3 - w**2 + w - 28. Let z be 5/(15/6) - -6. Let s be (-6)/(-8) - z/(-32). Give m(s).
-5
Let b(m) = m**2. Let a(u) = -u**3 + 10*u**2 - 6*u + 4. Let z(c) = -a(c) + 2*b(c). Suppose -j = 3*j - 12. Suppose -2*s = -5*g - 14, g - j*g = 0. Give z(s).
-11
Let r(z) be the third derivative of -z**5/30 + z**4/3 + 5*z**3/2 + 1010*z**2. Determine r(5).
5
Let m(p) = -32*p - 34. Let w be m(-1). Let f(v) = 2*v - 7. Let z(r) = -r**2 - 2*r + 8. Let j(y) = w*z(y) - 3*f(y). Give j(4).
29
Let l(p) = -1 - p + 5 + 3*p. Let a be l(3). Let h(m) = 12*m - 3*m**2 - 4*m + 4*m**2 + 0*m**2 + a. Give h(-7).
3
Let g(a) be the third derivative of 31*a**4/12 - 411*a**3/2 + 153*a**2 + 3*a - 1. Calculate g(20).
7
Let l(b) = b**2 + 20*b + 42. Let g be ((-32)/(-10))/((-29)/(150 - 5)). Determine l(g).
-22
Let l(w) = 425*w - 86. Let r(g) = 159*g - 29. Let o(t) = 3*l(t) - 8*r(t). Give o(9).
1
Let x(m) be the third derivative of m**4/24 - 5*m**3/3 - 34*m**2. Let b(c) = 2*c - 8. Let o(w) = 5*b(w) - 4*x(w). Determine o(1).
6
Let a(r) = -27*r - 6. Suppose 0 = 2*v + 2*l - 159 + 155, -v + 2 = 3*l. What is a(v)?
-60
Let a(b) = 2*b**2 + 16*b + 11. Let i(l) = -9*l**2 - 76*l - 53. Let p(g) = -19*a(g) - 4*i(g). Calculate p(0).
3
Let t(u) be the third derivative of u**6/120 - u**5/20 - 5*u**4/24 - u**3/3 + 1397*u**2. What is t(3)?
-17
Let r(w) = 19*w**2 + 2*w - 1. Let g be (3/(-12 - 3))/((-53)/265). What is r(g)?
20
Let v(w) = -w**3 - 2*w**2 - 4*w + 5. Let y = -5269 - -5270. Calculate v(y).
-2
Let z(w) = -3*w - 5*w**2 + 3*w + 2*w**3 - w - w**3 - 7 - 3*w. Let j = -1 + 7. Let l be z(j). Let q(c) = -3*c + 5. Give q(l).
-10
Let i(j) = -5*j + 401*j**2 - 794*j**2 + 399*j**2 + 11 + 4*j - j**3 - 3. Suppose -3*p + 3*f - 1 = -37, -f = 0. Suppose 0 = 5*o - 3*o - p. Give i(o).
2
Let r(t) be the first derivative of t**2/2 + 8*t + 64. Suppose -p = 4*p + 65. Let j = p - -7. Determine r(j).
2
Let k(h) = h**3 - 7*h**2 + 7*h - 3. Let q be k(4). Let n = q + 52. Let s(m) = 63*m - n*m - 37*m + 2 + 2*m**2. What is s(3)?
11
Let d(w) = 3*w**2 + w + 9. Let f(m) = 2*m**2 + m + 6. Suppose -24*z = -8*z - 1344. Let t = 89 - z. Let c(a) = t*d(a) - 8*f(a). Calculate c(-4).
-7
Let i = 38 - -69. Let l(q) = -q**2 - 107*q + i*q + 1. Suppose -4*n = 5*p - 7, p + 16 = -0*p + 5*n. What is l(p)?
0
Let t(v) = -6563*v**2 - 142 + 6562*v**2 - 7*v + 145. Suppose -4*z + 16 = -d, -2 = -3*z + 2*z. Give t(d).
-5
Let j(i) = 4*i**2 - 5*i**2 + 232*i - 116*i - 116*i - 1. Calculate j(-4).
-17
Let v be 0*(2 - (-3)/(-2)). Let q be v/3 - (7 + 0). Let a(c) be the second derivative of c**3/6 - 3*c**2/2 + 121*c - 9. What is a(q)?
-10
Suppose 5*f + 27 = 2*w, 5*w + 6 = -f + 3*f. Let l(a) be the first derivative of -a**4/4 - 2*a**3 + 5*a**2/2 - 10*a + 28. Give l(f).
4
Let k(i) be the second derivative of i**5/20 + 11*i**4/12 + 5*i**3/6 + 2*i**2 + 155*i. Calculate k(-10).
54
Let k(b) be the second derivative of b**3 + 12*b**2 + 34*b + 6. Give k(-12).
-48
Let u(x) be the second derivative of -x**6/720 + x**5/15 - 2*x**4 - 83*x. Let l(v) be the third derivative of u(v). Determine l(0).
8
Suppose 0*n = -4*n - 4, 0 = -5*b + 3*n + 18. Suppose -3*v + 595 = -l - 3*l, 3*v = -b*l + 609. Let d(g) = -v*g + 200*g + g**2 - 2 + 0*g**2. Calculate d(2).
0
Let c = -3280 - -3268. Let u(g) = 3*g - 17. Let n(a) = -8*a + 51. Let w(s) = 4*n(s) + 11*u(s). Determine w(c).
5
Let w = 9063 + -9067. Let y(t) = t - 3. Let q(c) = c - 3. Let x(a) = -2*q(a) + 3*y(a). Calculate x(w).
-7
Let n(y) = y + 1. Let v(f) = f**2 - 9*f - 2. Let d be v(9). Let p be n(d). Let z(o) = 2. Let m(h) = h**2 + h + 6. Let a(b) = -m(b) + 3*z(b). Give a(p).
0
Let k be (4 + 57/(-15))/(3/45). Let i(o) = -2*o**k + 11*o**3 - 7*o**3 - 7*o**3 + o - 5*o**2 + 1 + 4*o**2. What is i(2)?
-41
Let k = -111 + 118. Let y(s) be the third derivative of s**4/24 - s**3/2 - 717*s**2 + 2. What is y(k)?
4
Let t(s) = s - 1. Suppose -16 = -4*w - 0. Let q be 5 - (-10 + w - -3). Give t(q).
7
Let p(v) = -7*v + 45. Let f be p(3). Suppose -f = -6*o + 6. Let m(d) = -d**2 + 3*d + 4. Determine m(o).
-6
Let s = 36 + -32. Let n be 2 - (1 - s/(-4)). Let o(x) = x - 12. Give o(n).
-12
Let l(g) = g**3 - 7*g**2 + 5*g - 3. Let r(u) = -18*u**3 - u**2 + u + 2. Let q be r(-1). Let h = 36 - q. Suppose -5*j = -8*j + h. Calculate l(j).
-9
Suppose -103*z + 117 = -89. Let f(m) be the third derivative of -1/8*m**4 + 0 + 0*m + 3/2*m**3 + 40*m**z. Give f(6).
-9
Let b(m) be the first derivative of 3*m**2 + 30*m - 762. What is b(-5)?
0
Let u(o) = -112 + 43*o**3 + 41*o**3 + 25*o**3 - 152*o**3 + 112*o + 44*o**3 - 57*o**2. What is u(55)?
-2
Let h(r) be the second derivative of 3/2*r**2 - 157*r + 0 - 1/3*r**3. What is h(3)?
-3
Suppose -536*d = -361*d - 525. Let p(h) be the third derivative of -1 + 0*h + 1/6*h**4 - 5*h**2 + 0*h**d + 1/60*h**5. Determine p(-3).
-3
Let l(g) = -3 - 258*g + 59*g + 65*g + 82*g. Calculate l(-2).
101
Let k(p) = p**3 + 12*p**2 + 36*p + 3. Let t be k(-7). Let w be 38/4 + 1/(-2). Let d(y) = 0 - 11*y - 2 + w*y. Determine d(t).
6
Let y(z) = z**2 - 3*z - 2. Let s(j) = j**3 + 16*j**2 + 18*j + 32. Let k be s(-10). Let p = k + -452. Give y(p).
-2
Let r(m) = -m**3 + 10*m**2 - 26*m + 3. Suppose -81*w - 237 = 60*w - 942. Determine r(w).
-2
Let w(v) = v**2 - 7*v. Let x(f) = -3*f**2 + 48*f - 1. Let y(a) = -6*w(a) - x(a). Calculate y(-2).
1
Let o(c) = 7*c + 0*c + 1 - 15*c - 8*c. Let a = -490 + 489. Give o(a).
17
Let q(c) be the third derivative of -c**6/120 + 3*c**5/20 - 11*c**4/24 + 7*c**3/2 - 14*c**2 - 8. What is q(8)?
-3
Let l(z) = 37*z**3 - 103*z**2 - 7*z - 9. Let v(f) = -f**3 - 20*f**2 - f - 2. Let r(m) = -l(m) + 5*v(m). What is r(-1)?
42
Let k(w) = 17 + 1579*w**2 - w**3 - 795*w**2 - 2 - 3 + 10*w - 791*w**2. Calculate k(-8).
-4
Let u(v) = -6*v - 3*v - 67 + 10*v - 2*v + 69 - v**2. Suppose -2*j + 16 = 12. Determine u(j).
-4
Suppose 35*d - 407 + 232 = 0. Let o(w) = -w**3 - d*w + 4463*w**2 - 4458*w**2 + 4*w - 1 + 0. Let l be (-3)/((-30)/(-8))*-5. Calculate o(l).
11
Suppose -10*p - 179 = 1. Let i(z) = z**3 + 17*z**2 - 17*z - 32. What is i(p)?
-50
Suppose -243*a - 14 = -241*a - g, -5*a - 50 = 5*g. Let v(s) = -s**3 - 10*s**2 - 20*s - 13. Determine v(a).
19
Let a(s) be the first derivative of 3*s**2 - 64*s - 1047. Determine a(11).
2
Let c(a) be the second derivative of -a**3/6 + 4*a**2 + a + 118. Let q(x) = 2*x**2 + 6. Let k be (0/(8/(-4)))/(-2). Let h be q(k). Determine c(h).
2
Suppose 0 = -30*w + 22*w. Let a(n) = n - 1. Let q(b) = -b**2 - 5*b + 6. Let u(l) = 4*a(l) + q(l). Determine u(w).
2
Let w = 1522/6405 + -73/427. Let d(l) be the third derivative of w*l**5 + 0*l - 5/24*l**4 + 1/120*l**6 + 17*l**2 + 0 + 1/3*l**3. Give d(-5).
2
Let p = 112 - 138. Let h = p - -26. Let o(j) = j - 5. Give o(h).
-5
Let m(l) = -7*l - 9 + 15 - 2 - 4*l**2 - 7 - 3 + l**3. Let v = 506 + -500. Give m(v).
24
Let y(i) be the secon